 factors of 1709207?
43, 39749
What are the prime factors of 8715543?
3, 17, 73, 2341
List the prime factors of 102896.
2, 59, 109
What are the prime factors of 118331?
241, 491
What are the prime factors of 2468368?
2, 7, 22039
List the prime factors of 1779640.
2, 5, 44491
List the prime factors of 14546.
2, 7, 1039
What are the prime factors of 1713083?
1713083
What are the prime factors of 580770?
2, 3, 5, 239
List the prime factors of 2649936.
2, 3, 55207
List the prime factors of 21904481.
37, 263, 2251
List the prime factors of 8490131.
13, 19, 37, 929
What are the prime factors of 4511384?
2, 139, 4057
List the prime factors of 3830364.
2, 3, 103, 1033
List the prime factors of 615283.
157, 3919
What are the prime factors of 34817197?
29, 641, 1873
List the prime factors of 21555879.
3, 199, 36107
List the prime factors of 1936363.
11, 13, 1231
What are the prime factors of 7258577?
1879, 3863
List the prime factors of 536643.
3, 59627
What are the prime factors of 3020981?
19, 23, 31, 223
What are the prime factors of 1205049?
3, 197, 2039
What are the prime factors of 354215?
5, 70843
List the prime factors of 131375.
5, 1051
List the prime factors of 575926.
2, 13, 17, 1303
What are the prime factors of 11056809?
3, 67, 55009
List the prime factors of 4993795.
5, 998759
What are the prime factors of 215105?
5, 11, 3911
List the prime factors of 251717.
151, 1667
List the prime factors of 5990657.
31, 193247
List the prime factors of 2414328.
2, 3, 7, 2053
List the prime factors of 170032.
2, 10627
What are the prime factors of 48404?
2, 12101
What are the prime factors of 16053049?
17, 944297
What are the prime factors of 466210?
2, 5, 23, 2027
What are the prime factors of 6141363?
3, 2047121
List the prime factors of 164057.
164057
What are the prime factors of 191417?
79, 2423
List the prime factors of 5823754.
2, 2911877
What are the prime factors of 5014163?
7, 11, 65119
List the prime factors of 3091302.
2, 3, 263, 653
List the prime factors of 853879.
13, 19, 3457
List the prime factors of 10173800.
2, 5, 7, 13, 43
What are the prime factors of 483814?
2, 241907
What are the prime factors of 3707399?
3707399
What are the prime factors of 17614721?
17614721
List the prime factors of 2628059.
7, 41, 9157
List the prime factors of 18513501.
3, 6171167
What are the prime factors of 579054?
2, 3, 7, 17, 811
List the prime factors of 3303733.
43, 76831
List the prime factors of 418403.
71, 83
List the prime factors of 18718797.
3, 6239599
List the prime factors of 12145029.
3, 13, 89, 3499
List the prime factors of 448572.
2, 3, 29, 1289
List the prime factors of 83240.
2, 5, 2081
What are the prime factors of 483239?
483239
List the prime factors of 407483.
407483
What are the prime factors of 159632?
2, 11, 907
List the prime factors of 3060679.
23, 133073
List the prime factors of 762477.
3, 41, 6199
What are the prime factors of 1883022?
2, 3, 17, 18461
What are the prime factors of 16724897?
7, 139, 17189
What are the prime factors of 271359?
3, 11, 2741
What are the prime factors of 163372?
2, 11, 47, 79
List the prime factors of 4106030.
2, 5, 109, 3767
List the prime factors of 6278513.
6278513
What are the prime factors of 124191?
3, 13799
List the prime factors of 327674.
2, 19, 8623
What are the prime factors of 300263?
283, 1061
List the prime factors of 6666654.
2, 3, 439, 2531
List the prime factors of 16229218.
2, 1637, 4957
List the prime factors of 972802.
2, 503, 967
What are the prime factors of 5353190?
2, 5, 535319
List the prime factors of 280786.
2, 11, 12763
What are the prime factors of 6927959?
17, 407527
What are the prime factors of 133932?
2, 3, 11161
List the prime factors of 536175.
3, 5, 2383
List the prime factors of 265967.
13, 41, 499
What are the prime factors of 75453?
3, 7, 3593
List the prime factors of 2141241.
3, 713747
What are the prime factors of 211488?
2, 3, 2203
List the prime factors of 654059.
7, 223, 419
List the prime factors of 17826.
2, 3, 2971
List the prime factors of 390619.
97, 4027
What are the prime factors of 424966?
2, 17, 29, 431
What are the prime factors of 1158864?
2, 3, 7, 3449
List the prime factors of 20031718.
2, 7, 83, 17239
What are the prime factors of 22574387?
11, 2052217
List the prime factors of 917621.
41, 22381
What are the prime factors of 3491126?
2, 241, 7243
List the prime factors of 309373.
23, 13451
What are the prime factors of 2019530?
2, 5, 201953
List the prime factors of 230951.
7, 32993
List the prime factors of 2602358.
2, 11, 23, 37, 139
What are the prime factors of 1426847?
1426847
What are the prime factors of 145656?
2, 3, 7, 17
What are the prime factors of 1040417?
7, 17, 1249
List the prime factors of 5632663.
1901, 2963
List the prime factors of 1478450.
2, 5, 29569
What are the prime factors of 5778713?
61, 1553
What are the prime factors of 251000?
2, 5, 251
What are the prime factors of 63797?
131, 487
List the prime factors of 11404389.
3, 19, 23, 8699
List the prime factors of 1101859.
11, 100169
What are the prime factors of 247272?
2, 3, 10303
What are the prime factors of 1196017?
67, 17851
List the prime factors of 8965537.
7, 1280791
List the prime factors of 213724.
2, 7, 17, 449
What are the prime factors of 1479612?
2, 3, 17, 7253
List the prime factors of 10820625.
3, 5, 29, 199
What are the prime factors of 866281?
13, 37, 1801
What are the prime factors of 427473?
3, 47497
What are the prime factors of 5090912?
2, 23, 6917
What are the prime factors of 3959370?
2, 3, 5, 29, 37, 41
List the prime factors of 8328607.
7, 1189801
List the prime factors of 263481.
3, 71, 1237
What are the prime factors of 23532?
2, 3, 37, 53
What are the prime factors of 6233685?
3, 5, 157, 2647
What are the prime factors of 13870758?
2, 3, 11, 29, 7247
What are the prime factors of 16858830?
2, 3, 5, 561961
What are the prime factors of 5527?
5527
What are the prime factors of 309850?
2, 5, 6197
What are the prime factors of 2443358?
2, 31, 39409
What are the prime factors of 17060631?
3, 7, 241, 3371
List the prime factors of 4800076.
2, 239, 5021
What are the prime factors of 16743565?
5, 31, 108023
What are the prime factors of 430709?
430709
List the prime factors of 4736644.
2, 11, 83, 1297
List the prime factors of 896211.
3, 19, 1747
What are the prime factors of 36482?
2, 17, 29, 37
What are the prime factors of 710306?
2, 53, 6701
What are the prime factors of 454970?
2, 5, 45497
List the prime factors of 5092081.
29, 53, 3313
List the prime factors of 6376295.
5, 97, 13147
What are the prime factors of 210689?
59, 3571
List the prime factors of 8637887.
17, 53, 9587
What are the prime factors of 3793136?
2, 237071
List the prime factors of 15763211.
23, 29, 23633
List the prime factors of 596431.
11, 59, 919
List the prime factors of 2137015.
5, 427403
What are the prime factors of 8335425?
3, 5, 7, 15877
What are the prime factors of 763848?
2, 3, 103
List the prime factors of 387806.
2, 97, 1999
List the prime factors of 756119.
7, 13, 1187
List the prime factors of 389822.
2, 194911
What are the prime factors of 653806?
2, 326903
What are the prime factors of 1421225?
5, 13, 4373
What are the prime factors of 154019?
29, 47, 113
What are the prime factors of 341555?
5, 68311
List the prime factors of 2341773.
3, 7, 37171
List the prime factors of 9047174.
2, 1259, 3593
What are the prime factors of 6321648?
2, 3, 131701
What are the prime factors of 887469?
3, 11, 26893
What are the prime factors of 10075589?
31, 325019
What are the prime factors of 2771871?
3, 199, 4643
What are the prime factors of 406667?
29, 37, 379
List the prime factors of 506587.
67, 7561
What are the prime factors of 1091676?
2, 3, 29, 3137
What are the prime factors of 15583248?
2, 3, 108217
What are the prime factors of 14550792?
2, 3, 67, 9049
List the prime factors of 62993.
7, 8999
What are the prime factors of 590941?
13, 131, 347
What are the prime factors of 327697?
67, 73
What are the prime factors of 1840070?
2, 5, 184007
What are the prime factors of 458093?
41, 11173
List the prime factors of 2210014.
2, 211, 5237
List the prime factors of 60915.
3, 5, 31, 131
List the prime factors of 5072884.
2, 1268221
What are the prime factors of